 - 40, 4*d + 3*j = 85. Suppose -d*p - 12652 = -27*p. Is p composite?
True
Suppose 5*w - 70869 = -2*c, 5*c - 11636 = 3*w - 54145. Is w composite?
False
Suppose -18228 = 12*w + 9*w. Let t = 14717 + w. Is t prime?
False
Let q = 93 - 82. Suppose -o - 10990 = -q*o. Is o composite?
True
Is (14 - 3510/(-6))/(3*5/11415) composite?
True
Suppose -200*p + 34776984 = 80*p - 16*p. Is p composite?
False
Let k = -34342 + 59903. Is k a prime number?
True
Let w(d) = -105*d**3 + 2*d**2 - 4*d - 3. Let s(l) = 208*l**3 - 5*l**2 + 11*l + 6. Let r(n) = -2*s(n) - 5*w(n). Is r(2) composite?
True
Let b = -4180103 + 7340770. Is b a composite number?
True
Suppose -5*w = -0*w - 30. Is w/(-9)*(2 + (-199655)/10) a composite number?
False
Let f(z) = -z**3 - 7*z**2 - 5*z - 33. Let w be f(-7). Is (w - (-9)/(-3))/((-3)/8781) a prime number?
True
Is 67972 - ((-138)/207 - 19/3) prime?
True
Suppose -4*b - 4*q + 15546 + 123602 = 0, -4*q = -24. Is b prime?
True
Let f = 3150 - 2951. Is f a prime number?
True
Suppose 1 + 12 = -3*l + 5*h, -3*l - 5*h = -37. Suppose 127 = l*p + 19. Is 23955/p - 12/54 composite?
False
Let q = 921 + -622. Suppose 3*a + 0*p - 528 = p, p + 880 = 5*a. Let r = q - a. Is r a prime number?
False
Let n(u) = 23*u**2 - 17*u - 73. Is n(-17) composite?
False
Let y = 27 - 23. Suppose -744 - 408 = -y*z. Let l = -155 + z. Is l a prime number?
False
Let l = 30 + -17. Suppose l*o + 1060 = 15*o. Suppose u - 513 = o. Is u a composite number?
True
Suppose 8*w = -9*w - 119. Is 2/(-1)*(32580/(-24) + w) prime?
True
Let k(b) = -10*b**3 + 4*b**2 + 4*b - 1. Suppose 2*m + 6 = -2*z - m, 0 = 4*z - m - 2. Suppose 3*n + 1 = -5*q - 33, z = -4*n + 2*q - 2. Is k(n) composite?
False
Let g(n) be the first derivative of 1167*n**2 - 7*n + 6. Let f be g(1). Let q = -1236 + f. Is q a composite number?
False
Suppose -32966 - 186442 = -16*x. Let q = x + -7090. Is q composite?
True
Let n = -79424 - -188541. Is n a prime number?
False
Let w = 43 - 39. Suppose 3240 = 3*t - 3756. Is (18/(-6) + w)*(t + 1) prime?
True
Let w = -33 + 37. Is 26/((274/(-68) + w)*-4) a composite number?
True
Suppose -f - 3*b = -3, 3*f + 22 = -f + 5*b. Let l be f*(-2)/(-3) - -353. Suppose 460 = 4*j + 2*w, -4*j - w = -l - 109. Is j prime?
False
Let r(m) = -9*m**2 - 46*m - 1. Let g(o) = -72*o**2 - 369*o - 9. Let j(f) = 4*g(f) - 33*r(f). Is j(-12) a composite number?
True
Suppose -79*f + 10188692 = 53*f - 79324864. Is f a prime number?
True
Suppose 434 = t + a, 4*t - 837 = 2*a + 905. Suppose -2*u + t = -443. Is u composite?
False
Let b(r) = r**2 + 20. Let n be b(0). Let d(x) = -3*x**2 - 21*x - 27. Let m(c) = c**2 + 2*c - 1. Let k(v) = d(v) + 4*m(v). Is k(n) a composite number?
False
Let m = -77939 - -258472. Is m a composite number?
False
Let t be (7 + 1)*(-24)/(-16). Let u be 4/t + (-13093)/3. Let h = u - -6823. Is h composite?
False
Let k = -5472 - -5476. Let w be -966*1/(0 - 1). Suppose -2*r - 12 + w = -3*f, -926 = -2*r - k*f. Is r a composite number?
True
Is ((-10699720)/120)/(-1*1/3) prime?
True
Let f(x) = 8347*x**2 + 36*x - 204. Is f(5) prime?
False
Let f(x) = 6204*x**3 - 25*x**2 - 9*x + 3. Is f(4) composite?
False
Suppose 10*v - 8296 = 2434. Suppose 0 = -4*x + v + 7619. Is x prime?
False
Let r = 81508 - 47849. Is r composite?
True
Let f be -6*(2 + -3)/3. Suppose 0 = -f*m - m + 15. Suppose -k + 887 = 2*l, 4*k - 3*k - m*l = 887. Is k a prime number?
True
Let k(v) = v**2 - 14. Let c(s) = -s**2 - s + 13. Let h(t) = -4*c(t) - 3*k(t). Let l be h(-5). Is (1 + 2507*-1)/(-7 - l) a composite number?
True
Let o = 96201 - 52244. Is o composite?
True
Let v = 348886 - 61097. Is v a composite number?
False
Is 4074273/15 + 156/195 a prime number?
True
Let s be (-2265)/(-10)*(-230)/15. Let p = 9480 + s. Is p a prime number?
True
Let r be 3/(-3) - (1 + -2 - 4). Suppose 0 = i + 5*o - 9967, 4*i + r*o = 3*i + 9967. Is i composite?
False
Suppose 0 = 5*d + 4*x - 366, 59 + 73 = 2*d - 2*x. Suppose 0 = -74*y + d*y - 8. Is y + (-3 - -1) - -1697 a prime number?
True
Let n be ((-57870)/(-162) - 12) + (-4)/18. Suppose 2*m - 656 = -3*s, -5*m + 4*m + 328 = -s. Let d = m + n. Is d composite?
False
Let h(p) = 155*p**3 + 4*p**2 + 1. Let i(j) = -9*j + 26. Let n(r) = -r. Let t(d) = i(d) - 3*n(d). Let x be t(4). Is h(x) a composite number?
True
Suppose 22 = -4*c + k + k, -5*c = -k + 20. Let r be (4/(-6)*c)/(-9 - -10). Suppose d - r*d = -2833. Is d a composite number?
False
Let u(m) be the first derivative of m**4/4 - 4*m**3/3 - 6*m**2 + 5*m - 10. Let o be u(6). Suppose -x + 52 = -0*x - 2*b, o*x - 296 = -2*b. Is x prime?
False
Let v(n) be the first derivative of -3*n**2/2 + 215*n - 33. Is v(-26) composite?
False
Is -14591*(13/(-11) + (-8)/(-44)) a prime number?
True
Is 6 - (5904370/(-70) + (-30)/35) composite?
True
Let w(p) = 962*p - 88. Let y be w(7). Suppose 9*n - y = 322799. Is n prime?
False
Suppose -46*q - 215095 = -2*g - 43*q, -537744 = -5*g + q. Is g composite?
True
Let d = 17 - 93. Let y = 80 + d. Suppose -y*r + 49 = -795. Is r composite?
False
Let u = -127965 - -367454. Is u a composite number?
False
Suppose -7*q = -166246 + 7101. Is q a composite number?
True
Let q(r) = 27*r**2 + r - 14. Let b be q(6). Suppose o - b = 1136. Suppose -m - 5 = -2*m, -5*f = m - o. Is f a composite number?
False
Suppose j = -4*a - 1, -a = 5*j - j + 4. Is (1 + a)*(0 + 4663) prime?
True
Suppose 2*g = -2*t - 3*t + 564, -4*g = -t + 126. Let h be 5*1 + (-3 - 0/5). Suppose h*n = -4*n + t. Is n prime?
True
Suppose -2*j + 435 = -3*y, -3*y + 686 - 71 = 3*j. Suppose -j = -f + 5*a, -5 = -4*a + 15. Is f composite?
True
Let v = 2289661 - 1430258. Is v a prime number?
False
Suppose 241264 = 13*r + 51893. Is r a composite number?
True
Let z = -57420 + 102653. Is z prime?
True
Let g(p) be the third derivative of -p**6/120 - p**5/5 + 25*p**4/24 + 29*p**3/6 - 7*p**2 + 1. Is g(-17) composite?
False
Let o(n) = -97*n - 19. Let j(f) = -292*f - 56. Let b(s) = -4*j(s) + 11*o(s). Let d(g) = -350*g + 16. Let t be d(0). Is b(t) prime?
False
Let h(s) = 174883*s - 404. Is h(1) prime?
False
Let s(b) = b**2 - 2*b - 5. Let p be s(4). Let m be (88 + 0)/((-65)/(-20) - p). Suppose -2*k + 180 = 2*u, -u + 5*u = 4*k - m. Is k composite?
False
Suppose -5*f = -3*f - 6. Suppose f*x = -4*b + 16141, 4*b = b - 5*x + 12103. Let t = b - 2819. Is t a composite number?
False
Suppose 4*m - 5*y = -2*y - 7, 15 = -5*m + 5*y. Is 2/m - 5 - -743 prime?
True
Let x(n) = n**2 - 21*n + 37. Let m be x(24). Let v = m + -96. Is v a prime number?
True
Let v be ((-12)/(-10))/(-4*(-6)/60). Is (v + 1792)*6/10 a composite number?
True
Let s be 58/(2/(162 - -6)). Suppose 5*y = s + 41093. Is y composite?
True
Suppose -7*u + 32535 = -8037. Let g = 3463 + u. Suppose -5*a = -g + 1894. Is a a prime number?
False
Suppose 7376 - 2073 = w. Suppose 11064 = 13*m - w. Is m composite?
False
Let l(b) = 43*b**2 - 3*b + 3. Let w be l(3). Let o(z) = 8*z**2 + 20*z + 78. Let r be o(-5). Let i = w - r. Is i composite?
True
Is 1534755/60*(8 + -2)*(-2)/(-3) a prime number?
True
Let j be -3*358/(-4)*2. Let v = j - 2093. Is v*(26/(-8) - -3) composite?
False
Let y(i) = 92*i**2 + 49*i + 133. Is y(18) prime?
False
Let r(a) = a**3 - 11*a**2 + 9*a + 10. Let l be r(10). Let b(h) = -h**3 - h**2 - 5*h + 4237. Is b(l) prime?
False
Suppose -10*p + 472565 = 3385. Is p a composite number?
True
Let t = 405876 + -127867. Is t prime?
False
Is (2/2 - (486/(-24))/(-27))*311588 a composite number?
True
Let g = -21769 + 23685. Let c be 333*1*11 + 0. Suppose 0 = -7*b + c + g. Is b composite?
False
Let b(f) = -3*f**3 - 22*f**2 - 7*f - 11. Suppose 0*k + 36 = -4*s + 2*k, 2*s + k = -26. Is b(s) a prime number?
False
Let c = 41787 - 3626. Is c prime?
False
Let v be (-129)/((-3)/(-15) - (-34)/(-20)). Let i = -82 + v. Suppose -b + 212 = b + 2*l, i*l + 530 = 5*b. Is b a prime number?
False
Let f(r) = -7*r**3 - 5*r**2 + 10*r - 15. Let m(v) = -v**2 + 2*v + 56. Let t be m(9). Is f(t) composite?
True
Let p(w) = -w**3 - w**2 + w + 2. Let q be p(0). Let g be (-15)/6 + -686*9/(-4). Suppose 2*t - t = q*d + g, 2*t = -5*d + 3091. Is t prime?
True
Suppose -3*b + 4 = -w, -4*w + 3*b + 16 = 7*b. Let p be 20852/36 - w/9. Let l = 886 - p. Is l a prime number?
True
Is (582/(-15))/(46/(-98095)) a composite number?
True
Let k = 879 - 374. Let u = 1517 + k. Let l = u + -763. Is l prime?
True
Suppose -x